CRAN Package Check Results for Package bio3d

Last updated on 2024-12-19 23:50:29 CET.

Flavor Version Tinstall Tcheck Ttotal Status Flags
r-devel-linux-x86_64-debian-clang 2.4-5 51.33 174.36 225.69 OK
r-devel-linux-x86_64-debian-gcc 2.4-5 37.04 113.63 150.67 OK
r-devel-linux-x86_64-fedora-clang 2.4-5 389.24 OK
r-devel-linux-x86_64-fedora-gcc 2.4-5 391.13 OK
r-devel-windows-x86_64 2.4-5 55.00 239.00 294.00 OK
r-patched-linux-x86_64 2.4-5 55.16 167.76 222.92 OK
r-release-linux-x86_64 2.4-5 50.59 163.57 214.16 OK
r-release-macos-arm64 2.4-5 109.00 NOTE
r-release-macos-x86_64 2.4-5 260.00 NOTE
r-release-windows-x86_64 2.4-5 60.00 230.00 290.00 OK
r-oldrel-macos-arm64 2.4-5 110.00 NOTE
r-oldrel-macos-x86_64 2.4-5 216.00 NOTE
r-oldrel-windows-x86_64 2.4-5 58.00 286.00 344.00 OK

Check Details

Version: 2.4-5
Check: installed package size
Result: NOTE installed size is 6.7Mb sub-directories of 1Mb or more: R 1.0Mb libs 3.0Mb Flavors: r-release-macos-arm64, r-release-macos-x86_64, r-oldrel-macos-arm64, r-oldrel-macos-x86_64

Version: 2.4-5
Check: package dependencies
Result: NOTE Package suggested but not available for checking: ‘msa’ Flavors: r-oldrel-macos-arm64, r-oldrel-macos-x86_64