Last updated on 2024-12-19 23:50:29 CET.
Flavor | Version | Tinstall | Tcheck | Ttotal | Status | Flags |
---|---|---|---|---|---|---|
r-devel-linux-x86_64-debian-clang | 1.1.5 | 72.41 | 49.83 | 122.24 | OK | |
r-devel-linux-x86_64-debian-gcc | 1.1.5 | 49.92 | 36.35 | 86.27 | OK | |
r-devel-linux-x86_64-fedora-clang | 1.1.5 | 206.86 | OK | |||
r-devel-linux-x86_64-fedora-gcc | 1.1.5 | 223.29 | OK | |||
r-devel-windows-x86_64 | 1.1.5 | 66.00 | 89.00 | 155.00 | OK | |
r-patched-linux-x86_64 | 1.1.5 | 67.24 | 47.05 | 114.29 | OK | |
r-release-linux-x86_64 | 1.1.5 | 63.64 | 47.83 | 111.47 | OK | |
r-release-macos-arm64 | 1.1.5 | 57.00 | NOTE | |||
r-release-macos-x86_64 | 1.1.5 | 84.00 | NOTE | |||
r-release-windows-x86_64 | 1.1.5 | 67.00 | 89.00 | 156.00 | OK | |
r-oldrel-macos-arm64 | 1.1.5 | 65.00 | NOTE | |||
r-oldrel-macos-x86_64 | 1.1.5 | 110.00 | NOTE | |||
r-oldrel-windows-x86_64 | 1.1.5 | 81.00 | 104.00 | 185.00 | OK |
Version: 1.1.5
Check: installed package size
Result: NOTE
installed size is 13.5Mb
sub-directories of 1Mb or more:
libs 13.0Mb
Flavors: r-release-macos-arm64, r-release-macos-x86_64, r-oldrel-macos-arm64, r-oldrel-macos-x86_64