Last updated on 2024-12-19 23:50:29 CET.
Flavor | Version | Tinstall | Tcheck | Ttotal | Status | Flags |
---|---|---|---|---|---|---|
r-devel-linux-x86_64-debian-clang | 0.1.1 | 52.69 | 491.28 | 543.97 | OK | |
r-devel-linux-x86_64-debian-gcc | 0.1.1 | 38.43 | 441.76 | 480.19 | OK | |
r-devel-linux-x86_64-fedora-clang | 0.1.1 | 851.04 | OK | |||
r-devel-linux-x86_64-fedora-gcc | 0.1.1 | 1080.96 | OK | |||
r-devel-windows-x86_64 | 0.1.1 | 57.00 | 470.00 | 527.00 | OK | |
r-patched-linux-x86_64 | 0.1.1 | 54.25 | 594.71 | 648.96 | OK | |
r-release-linux-x86_64 | 0.1.1 | 53.97 | 601.47 | 655.44 | OK | |
r-release-macos-arm64 | 0.1.1 | 156.00 | NOTE | |||
r-release-macos-x86_64 | 0.1.1 | 282.00 | NOTE | |||
r-release-windows-x86_64 | 0.1.1 | 58.00 | 450.00 | 508.00 | NOTE | |
r-oldrel-macos-arm64 | 0.1.1 | 228.00 | NOTE | |||
r-oldrel-macos-x86_64 | 0.1.1 | 308.00 | NOTE | |||
r-oldrel-windows-x86_64 | 0.1.1 | 76.00 | 632.00 | 708.00 | NOTE |
Version: 0.1.1
Check: installed package size
Result: NOTE
installed size is 10.3Mb
sub-directories of 1Mb or more:
data 8.4Mb
libs 1.3Mb
Flavors: r-release-macos-arm64, r-release-macos-x86_64, r-release-windows-x86_64, r-oldrel-macos-arm64, r-oldrel-macos-x86_64, r-oldrel-windows-x86_64