CRAN Package Check Results for Package bootUR

Last updated on 2024-12-19 23:50:29 CET.

Flavor Version Tinstall Tcheck Ttotal Status Flags
r-devel-linux-x86_64-debian-clang 1.0.4 38.46 81.10 119.56 OK
r-devel-linux-x86_64-debian-gcc 1.0.4 27.50 54.91 82.41 OK
r-devel-linux-x86_64-fedora-clang 1.0.4 222.69 OK
r-devel-linux-x86_64-fedora-gcc 1.0.4 237.07 OK
r-devel-windows-x86_64 1.0.4 43.00 152.00 195.00 OK
r-patched-linux-x86_64 1.0.4 40.65 76.54 117.19 NOTE
r-release-linux-x86_64 1.0.4 39.05 75.71 114.76 NOTE
r-release-macos-arm64 1.0.4 80.00 NOTE
r-release-macos-x86_64 1.0.4 95.00 NOTE
r-release-windows-x86_64 1.0.4 42.00 141.00 183.00 NOTE
r-oldrel-macos-arm64 1.0.4 72.00 NOTE
r-oldrel-macos-x86_64 1.0.4 174.00 NOTE
r-oldrel-windows-x86_64 1.0.4 50.00 169.00 219.00 NOTE

Check Details

Version: 1.0.4
Check: for GNU extensions in Makefiles
Result: NOTE GNU make is a SystemRequirements. Flavors: r-patched-linux-x86_64, r-release-linux-x86_64, r-release-macos-arm64, r-release-macos-x86_64, r-release-windows-x86_64, r-oldrel-macos-arm64, r-oldrel-macos-x86_64, r-oldrel-windows-x86_64

Version: 1.0.4
Check: installed package size
Result: NOTE installed size is 5.1Mb sub-directories of 1Mb or more: libs 4.7Mb Flavors: r-release-macos-arm64, r-release-macos-x86_64, r-oldrel-macos-arm64, r-oldrel-macos-x86_64