CRAN Package Check Results for Package breathteststan

Last updated on 2024-12-19 23:50:29 CET.

Flavor Version Tinstall Tcheck Ttotal Status Flags
r-devel-linux-x86_64-debian-clang 0.8.8 137.39 153.30 290.69 OK
r-devel-linux-x86_64-debian-gcc 0.8.8 117.26 123.09 240.35 OK
r-devel-linux-x86_64-fedora-clang 0.8.8 355.14 OK
r-devel-linux-x86_64-fedora-gcc 0.8.8 568.80 OK
r-devel-windows-x86_64 0.8.8 131.00 171.00 302.00 OK
r-patched-linux-x86_64 0.8.8 153.32 160.59 313.91 OK
r-release-linux-x86_64 0.8.8 152.16 161.01 313.17 OK
r-release-macos-arm64 0.8.8 97.00 NOTE
r-release-macos-x86_64 0.8.8 134.00 NOTE
r-release-windows-x86_64 0.8.8 135.00 170.00 305.00 OK
r-oldrel-macos-arm64 0.8.8 112.00 NOTE
r-oldrel-macos-x86_64 0.8.8 159.00 NOTE
r-oldrel-windows-x86_64 0.8.8 174.00 205.00 379.00 OK

Check Details

Version: 0.8.8
Check: installed package size
Result: NOTE installed size is 45.4Mb sub-directories of 1Mb or more: libs 45.1Mb Flavors: r-release-macos-arm64, r-release-macos-x86_64, r-oldrel-macos-arm64, r-oldrel-macos-x86_64

Version: 0.8.8
Check: for GNU extensions in Makefiles
Result: NOTE GNU make is a SystemRequirements. Flavors: r-release-macos-arm64, r-release-macos-x86_64, r-oldrel-macos-arm64, r-oldrel-macos-x86_64