Last updated on 2024-12-19 23:50:29 CET.
Flavor | Version | Tinstall | Tcheck | Ttotal | Status | Flags |
---|---|---|---|---|---|---|
r-devel-linux-x86_64-debian-clang | 1.0.7 | 13.65 | 271.86 | 285.51 | NOTE | |
r-devel-linux-x86_64-debian-gcc | 1.0.7 | 7.43 | 180.92 | 188.35 | NOTE | |
r-devel-linux-x86_64-fedora-clang | 1.0.7 | 451.91 | NOTE | |||
r-devel-linux-x86_64-fedora-gcc | 1.0.7 | 447.22 | NOTE | |||
r-devel-windows-x86_64 | 1.0.7 | 19.00 | 401.00 | 420.00 | OK | |
r-patched-linux-x86_64 | 1.0.7 | 20.41 | 254.00 | 274.41 | NOTE | |
r-release-linux-x86_64 | 1.0.7 | 10.93 | 253.01 | 263.94 | NOTE | |
r-release-macos-arm64 | 1.0.7 | 129.00 | OK | |||
r-release-macos-x86_64 | 1.0.7 | 213.00 | OK | |||
r-release-windows-x86_64 | 1.0.7 | 19.00 | 409.00 | 428.00 | OK | |
r-oldrel-macos-arm64 | 1.0.7 | 129.00 | OK | |||
r-oldrel-macos-x86_64 | 1.0.7 | 222.00 | OK | |||
r-oldrel-windows-x86_64 | 1.0.7 | 20.00 | 492.00 | 512.00 | OK |
Version: 1.0.7
Check: Rd cross-references
Result: NOTE
Unknown package ‘orcutt’ in Rd xrefs
Flavors: r-devel-linux-x86_64-debian-clang, r-devel-linux-x86_64-debian-gcc, r-devel-linux-x86_64-fedora-clang, r-devel-linux-x86_64-fedora-gcc, r-patched-linux-x86_64, r-release-linux-x86_64
Version: 1.0.7
Check: package dependencies
Result: NOTE
Package suggested but not available for checking: ‘orcutt’
Flavors: r-patched-linux-x86_64, r-release-linux-x86_64