CRAN Package Check Results for Package c060

Last updated on 2024-12-19 23:50:29 CET.

Flavor Version Tinstall Tcheck Ttotal Status Flags
r-devel-linux-x86_64-debian-clang 0.3-0 8.67 65.16 73.83 NOTE
r-devel-linux-x86_64-debian-gcc 0.3-0 6.19 48.42 54.61 NOTE
r-devel-linux-x86_64-fedora-clang 0.3-0 117.63 OK
r-devel-linux-x86_64-fedora-gcc 0.3-0 111.08 OK
r-devel-windows-x86_64 0.3-0 9.00 86.00 95.00 NOTE
r-patched-linux-x86_64 0.3-0 10.73 61.62 72.35 OK
r-release-linux-x86_64 0.3-0 8.29 61.04 69.33 OK
r-release-macos-arm64 0.3-0 35.00 OK
r-release-macos-x86_64 0.3-0 66.00 OK
r-release-windows-x86_64 0.3-0 10.00 77.00 87.00 OK
r-oldrel-macos-arm64 0.3-0 37.00 OK
r-oldrel-macos-x86_64 0.3-0 61.00 OK
r-oldrel-windows-x86_64 0.3-0 12.00 97.00 109.00 OK

Check Details

Version: 0.3-0
Check: Rd cross-references
Result: NOTE Found the following Rd file(s) with Rd \link{} targets missing package anchors: balancedFolds.Rd: EPSGO coef.intsearch.Rd: EPSGO plot.summary.int.Rd: EPSGO stabpath.Rd: glmnet summary.intsearch.Rd: EPSGO Please provide package anchors for all Rd \link{} targets not in the package itself and the base packages. Flavors: r-devel-linux-x86_64-debian-clang, r-devel-linux-x86_64-debian-gcc, r-devel-windows-x86_64