CRAN Package Check Results for Package calidad

Last updated on 2024-12-19 23:50:30 CET.

Flavor Version Tinstall Tcheck Ttotal Status Flags
r-devel-linux-x86_64-debian-clang 0.6.0 11.85 430.00 441.85 OK
r-devel-linux-x86_64-debian-gcc 0.6.0 8.70 256.01 264.71 OK
r-devel-linux-x86_64-fedora-clang 0.6.0 734.36 NOTE
r-devel-linux-x86_64-fedora-gcc 0.6.0 723.01 NOTE
r-devel-windows-x86_64 0.6.0 14.00 427.00 441.00 OK
r-patched-linux-x86_64 0.6.0 11.95 413.59 425.54 OK
r-release-linux-x86_64 0.6.0 11.49 420.42 431.91 OK
r-release-macos-arm64 0.6.0 175.00 OK
r-release-macos-x86_64 0.6.0 290.00 OK
r-release-windows-x86_64 0.6.0 14.00 392.00 406.00 OK
r-oldrel-macos-arm64 0.6.0 176.00 OK
r-oldrel-macos-x86_64 0.6.0 297.00 OK
r-oldrel-windows-x86_64 0.6.0 18.00 554.00 572.00 OK

Check Details

Version: 0.6.0
Check: dependencies in R code
Result: NOTE Namespace in Imports field not imported from: ‘tidyr’ All declared Imports should be used. Flavors: r-devel-linux-x86_64-fedora-clang, r-devel-linux-x86_64-fedora-gcc