CRAN Package Check Results for Package calmate

Last updated on 2024-12-19 23:50:30 CET.

Flavor Version Tinstall Tcheck Ttotal Status Flags
r-devel-linux-x86_64-debian-clang 0.13.0 4.68 55.83 60.51 OK
r-devel-linux-x86_64-debian-gcc 0.13.0 3.35 40.18 43.53 OK
r-devel-linux-x86_64-fedora-clang 0.13.0 95.40 OK
r-devel-linux-x86_64-fedora-gcc 0.13.0 91.51 OK
r-devel-windows-x86_64 0.13.0 8.00 76.00 84.00 OK
r-patched-linux-x86_64 0.13.0 5.89 52.39 58.28 OK
r-release-linux-x86_64 0.13.0 4.71 52.74 57.45 OK
r-release-macos-arm64 0.13.0 29.00 OK
r-release-macos-x86_64 0.13.0 53.00 OK
r-release-windows-x86_64 0.13.0 8.00 82.00 90.00 OK
r-oldrel-macos-arm64 0.13.0 5.00 ERROR
r-oldrel-macos-x86_64 0.13.0 59.00 OK
r-oldrel-windows-x86_64 0.13.0 9.00 86.00 95.00 OK

Check Details

Version: 0.13.0
Check: package dependencies
Result: ERROR Package required but not available: ‘aroma.core’ See section ‘The DESCRIPTION file’ in the ‘Writing R Extensions’ manual. Flavor: r-oldrel-macos-arm64