CRAN Package Check Results for Package catseyes

Last updated on 2024-12-19 23:50:30 CET.

Flavor Version Tinstall Tcheck Ttotal Status Flags
r-devel-linux-x86_64-debian-clang 0.2.5 1.63 17.16 18.79 OK
r-devel-linux-x86_64-debian-gcc 0.2.5 1.34 13.90 15.24 OK
r-devel-linux-x86_64-fedora-clang 0.2.5 32.87 OK
r-devel-linux-x86_64-fedora-gcc 0.2.5 32.39 OK
r-devel-windows-x86_64 0.2.5 2.00 40.00 42.00 OK
r-patched-linux-x86_64 0.2.5 1.61 16.67 18.28 NOTE
r-release-linux-x86_64 0.2.5 1.50 16.61 18.11 NOTE
r-release-macos-arm64 0.2.5 17.00 NOTE
r-release-macos-x86_64 0.2.5 27.00 NOTE
r-release-windows-x86_64 0.2.5 2.00 44.00 46.00 NOTE
r-oldrel-macos-arm64 0.2.5 16.00 NOTE
r-oldrel-macos-x86_64 0.2.5 22.00 NOTE
r-oldrel-windows-x86_64 0.2.5 3.00 42.00 45.00 NOTE

Check Details

Version: 0.2.5
Check: LazyData
Result: NOTE 'LazyData' is specified without a 'data' directory Flavors: r-patched-linux-x86_64, r-release-linux-x86_64, r-release-macos-arm64, r-release-macos-x86_64, r-release-windows-x86_64, r-oldrel-macos-arm64, r-oldrel-macos-x86_64, r-oldrel-windows-x86_64