Last updated on 2024-12-19 23:50:30 CET.
Flavor | Version | Tinstall | Tcheck | Ttotal | Status | Flags |
---|---|---|---|---|---|---|
r-devel-linux-x86_64-debian-clang | 0.6.1 | 10.26 | 265.76 | 276.02 | OK | |
r-devel-linux-x86_64-debian-gcc | 0.6.1 | 9.45 | 181.06 | 190.51 | OK | |
r-devel-linux-x86_64-fedora-clang | 0.6.1 | 444.77 | OK | |||
r-devel-linux-x86_64-fedora-gcc | 0.6.1 | 435.07 | OK | |||
r-devel-windows-x86_64 | 0.6.1 | 14.00 | 230.00 | 244.00 | OK | |
r-patched-linux-x86_64 | 0.6.1 | 12.69 | 250.14 | 262.83 | NOTE | |
r-release-linux-x86_64 | 0.6.1 | 11.45 | 250.64 | 262.09 | NOTE | |
r-release-macos-arm64 | 0.6.1 | 119.00 | NOTE | |||
r-release-macos-x86_64 | 0.6.1 | 169.00 | NOTE | |||
r-release-windows-x86_64 | 0.6.1 | 12.00 | 230.00 | 242.00 | NOTE | |
r-oldrel-macos-arm64 | 0.6.1 | 129.00 | NOTE | |||
r-oldrel-macos-x86_64 | 0.6.1 | 213.00 | NOTE | |||
r-oldrel-windows-x86_64 | 0.6.1 | 17.00 | 286.00 | 303.00 | NOTE |
Version: 0.6.1
Check: LazyData
Result: NOTE
'LazyData' is specified without a 'data' directory
Flavors: r-patched-linux-x86_64, r-release-linux-x86_64, r-release-macos-arm64, r-release-macos-x86_64, r-release-windows-x86_64, r-oldrel-macos-arm64, r-oldrel-macos-x86_64, r-oldrel-windows-x86_64