Last updated on 2024-12-19 23:50:30 CET.
Flavor | Version | Tinstall | Tcheck | Ttotal | Status | Flags |
---|---|---|---|---|---|---|
r-devel-linux-x86_64-debian-clang | 0.4-1 | 4.85 | 42.60 | 47.45 | OK | |
r-devel-linux-x86_64-debian-gcc | 0.4-1 | 3.18 | 32.93 | 36.11 | OK | |
r-devel-linux-x86_64-fedora-clang | 0.4-1 | 78.07 | OK | |||
r-devel-linux-x86_64-fedora-gcc | 0.4-1 | 84.00 | OK | |||
r-devel-windows-x86_64 | 0.4-1 | 6.00 | 66.00 | 72.00 | OK | |
r-patched-linux-x86_64 | 0.4-1 | 4.50 | 40.48 | 44.98 | NOTE | |
r-release-linux-x86_64 | 0.4-1 | 4.27 | 40.11 | 44.38 | NOTE | |
r-release-macos-arm64 | 0.4-1 | 39.00 | NOTE | |||
r-release-macos-x86_64 | 0.4-1 | 46.00 | NOTE | |||
r-release-windows-x86_64 | 0.4-1 | 7.00 | 63.00 | 70.00 | NOTE | |
r-oldrel-macos-arm64 | 0.4-1 | 33.00 | NOTE | |||
r-oldrel-macos-x86_64 | 0.4-1 | 43.00 | NOTE | |||
r-oldrel-windows-x86_64 | 0.4-1 | 8.00 | 70.00 | 78.00 | NOTE |
Version: 0.4-1
Check: LazyData
Result: NOTE
'LazyData' is specified without a 'data' directory
Flavors: r-patched-linux-x86_64, r-release-linux-x86_64, r-release-macos-arm64, r-release-macos-x86_64, r-release-windows-x86_64, r-oldrel-macos-arm64, r-oldrel-macos-x86_64, r-oldrel-windows-x86_64