Last updated on 2024-12-19 23:50:30 CET.
Flavor | Version | Tinstall | Tcheck | Ttotal | Status | Flags |
---|---|---|---|---|---|---|
r-devel-linux-x86_64-debian-clang | 0.1.3 | 5.93 | 234.38 | 240.31 | NOTE | |
r-devel-linux-x86_64-debian-gcc | 0.1.3 | 4.17 | 157.75 | 161.92 | NOTE | |
r-devel-linux-x86_64-fedora-clang | 0.1.3 | 388.42 | NOTE | |||
r-devel-linux-x86_64-fedora-gcc | 0.1.3 | 391.13 | NOTE | |||
r-devel-windows-x86_64 | 0.1.3 | 8.00 | 216.00 | 224.00 | NOTE | |
r-patched-linux-x86_64 | 0.1.3 | 7.15 | 222.63 | 229.78 | NOTE | |
r-release-linux-x86_64 | 0.1.3 | 4.77 | 224.84 | 229.61 | NOTE | |
r-release-macos-arm64 | 0.1.3 | 104.00 | NOTE | |||
r-release-macos-x86_64 | 0.1.3 | 180.00 | NOTE | |||
r-release-windows-x86_64 | 0.1.3 | 8.00 | 212.00 | 220.00 | NOTE | |
r-oldrel-macos-arm64 | 0.1.3 | 120.00 | OK | |||
r-oldrel-macos-x86_64 | 0.1.3 | 269.00 | OK | |||
r-oldrel-windows-x86_64 | 0.1.3 | 10.00 | 287.00 | 297.00 | OK |
Version: 0.1.3
Check: Rd files
Result: NOTE
checkRd: (-1) data_generator.Rd:93: Lost braces; missing escapes or markup?
93 | \item{estimand_mean}{List of means of the FULL, S_{++}, S_{*+} and
| ^
checkRd: (-1) data_generator.Rd:93: Lost braces; missing escapes or markup?
93 | \item{estimand_mean}{List of means of the FULL, S_{++}, S_{*+} and
| ^
checkRd: (-1) data_generator.Rd:95: Lost braces; missing escapes or markup?
95 | \item{estimand_sd}{List of standard deviations of the FULL, S_{++}, S_{*+}
| ^
checkRd: (-1) data_generator.Rd:95: Lost braces; missing escapes or markup?
95 | \item{estimand_sd}{List of standard deviations of the FULL, S_{++}, S_{*+}
| ^
checkRd: (-1) data_generator_loop.Rd:96: Lost braces; missing escapes or markup?
96 | \item{estimand_mean}{List of means of the FULL, S_{++}, S_{*+} and
| ^
checkRd: (-1) data_generator_loop.Rd:96: Lost braces; missing escapes or markup?
96 | \item{estimand_mean}{List of means of the FULL, S_{++}, S_{*+} and
| ^
checkRd: (-1) data_generator_loop.Rd:98: Lost braces; missing escapes or markup?
98 | \item{estimand_sd}{List of standard deviations of the FULL, S_{++},
| ^
checkRd: (-1) data_generator_loop.Rd:99: Lost braces; missing escapes or markup?
99 | S_{*+} and PP estimands}
| ^
Flavors: r-devel-linux-x86_64-debian-clang, r-devel-linux-x86_64-debian-gcc, r-devel-linux-x86_64-fedora-clang, r-devel-linux-x86_64-fedora-gcc, r-devel-windows-x86_64, r-patched-linux-x86_64, r-release-linux-x86_64, r-release-macos-arm64, r-release-macos-x86_64, r-release-windows-x86_64