Last updated on 2024-12-19 23:50:30 CET.
Flavor | Version | Tinstall | Tcheck | Ttotal | Status | Flags |
---|---|---|---|---|---|---|
r-devel-linux-x86_64-debian-clang | 1.6.1 | 54.17 | 21.30 | 75.47 | OK | |
r-devel-linux-x86_64-debian-gcc | 1.6.1 | 36.97 | 16.84 | 53.81 | OK | |
r-devel-linux-x86_64-fedora-clang | 1.6.1 | 187.57 | OK | |||
r-devel-linux-x86_64-fedora-gcc | 1.6.1 | 156.35 | OK | |||
r-devel-windows-x86_64 | 1.6.1 | 60.00 | 70.00 | 130.00 | OK | |
r-patched-linux-x86_64 | 1.6.1 | 52.37 | 20.33 | 72.70 | OK | |
r-release-linux-x86_64 | 1.6.1 | 52.99 | 20.31 | 73.30 | OK | |
r-release-macos-arm64 | 1.6.1 | 41.00 | NOTE | |||
r-release-macos-x86_64 | 1.6.1 | 56.00 | NOTE | |||
r-release-windows-x86_64 | 1.6.1 | 63.00 | 75.00 | 138.00 | OK | |
r-oldrel-macos-arm64 | 1.6.1 | 43.00 | NOTE | |||
r-oldrel-macos-x86_64 | 1.6.1 | 64.00 | NOTE | |||
r-oldrel-windows-x86_64 | 1.6.1 | 65.00 | 78.00 | 143.00 | OK |
Version: 1.6.1
Check: installed package size
Result: NOTE
installed size is 9.4Mb
sub-directories of 1Mb or more:
libs 9.3Mb
Flavors: r-release-macos-arm64, r-release-macos-x86_64, r-oldrel-macos-arm64, r-oldrel-macos-x86_64