Last updated on 2024-12-19 23:50:30 CET.
Flavor | Version | Tinstall | Tcheck | Ttotal | Status | Flags |
---|---|---|---|---|---|---|
r-devel-linux-x86_64-debian-clang | 0.4.0 | 53.18 | 136.59 | 189.77 | OK | |
r-devel-linux-x86_64-debian-gcc | 0.4.0 | 40.33 | 97.86 | 138.19 | OK | |
r-devel-linux-x86_64-fedora-clang | 0.4.0 | 354.95 | OK | |||
r-devel-linux-x86_64-fedora-gcc | 0.4.0 | 361.96 | OK | |||
r-devel-windows-x86_64 | 0.4.0 | 65.00 | 228.00 | 293.00 | OK | |
r-patched-linux-x86_64 | 0.4.0 | 57.58 | 132.40 | 189.98 | OK | |
r-release-linux-x86_64 | 0.4.0 | 55.68 | 129.52 | 185.20 | OK | |
r-release-macos-arm64 | 0.4.0 | 102.00 | NOTE | |||
r-release-macos-x86_64 | 0.4.0 | 130.00 | NOTE | |||
r-release-windows-x86_64 | 0.4.0 | 67.00 | 244.00 | 311.00 | OK | |
r-oldrel-macos-arm64 | 0.4.0 | 103.00 | NOTE | |||
r-oldrel-macos-x86_64 | 0.4.0 | 225.00 | NOTE | |||
r-oldrel-windows-x86_64 | 0.4.0 | 75.00 | 256.00 | 331.00 | OK |
Version: 0.4.0
Check: installed package size
Result: NOTE
installed size is 10.1Mb
sub-directories of 1Mb or more:
libs 9.2Mb
Flavors: r-release-macos-arm64, r-release-macos-x86_64, r-oldrel-macos-arm64, r-oldrel-macos-x86_64