CRAN Package Check Results for Package cnaOpt

Last updated on 2024-12-19 23:50:30 CET.

Flavor Version Tinstall Tcheck Ttotal Status Flags
r-devel-linux-x86_64-debian-clang 0.5.2 26.69 88.47 115.16 NOTE
r-devel-linux-x86_64-debian-gcc 0.5.2 19.47 62.14 81.61 NOTE
r-devel-linux-x86_64-fedora-clang 0.5.2 194.74 OK
r-devel-linux-x86_64-fedora-gcc 0.5.2 191.58 OK
r-devel-windows-x86_64 0.5.2 31.00 116.00 147.00 NOTE
r-patched-linux-x86_64 0.5.2 33.42 81.12 114.54 OK
r-release-linux-x86_64 0.5.2 24.46 82.02 106.48 OK
r-release-macos-arm64 0.5.2 53.00 OK
r-release-macos-x86_64 0.5.2 72.00 OK
r-release-windows-x86_64 0.5.2 35.00 122.00 157.00 OK
r-oldrel-macos-arm64 0.5.2 59.00 OK
r-oldrel-macos-x86_64 0.5.2 97.00 OK
r-oldrel-windows-x86_64 0.5.2 39.00 138.00 177.00 OK

Check Details

Version: 0.5.2
Check: Rd cross-references
Result: NOTE Found the following Rd file(s) with Rd \link{} targets missing package anchors: cnaOpt.Rd: configTable, rreduce, condTbl, cna conCovOpt.Rd: configTable, cna conCovOpt_utils.Rd: rreduce, condTbl ereduce.Rd: full.ct findOutcomes.Rd: configTable, cna, selectCases, full.ct Please provide package anchors for all Rd \link{} targets not in the package itself and the base packages. Flavors: r-devel-linux-x86_64-debian-clang, r-devel-linux-x86_64-debian-gcc, r-devel-windows-x86_64