CRAN Package Check Results for Package cocons

Last updated on 2024-12-19 23:50:30 CET.

Flavor Version Tinstall Tcheck Ttotal Status Flags
r-devel-linux-x86_64-debian-clang 0.1.4 30.46 43.21 73.67 OK
r-devel-linux-x86_64-debian-gcc 0.1.4 22.42 31.50 53.92 OK
r-devel-linux-x86_64-fedora-clang 0.1.4 133.22 NOTE
r-devel-linux-x86_64-fedora-gcc 0.1.4 153.97 NOTE
r-devel-windows-x86_64 0.1.4 33.00 96.00 129.00 OK
r-patched-linux-x86_64 0.1.4 31.76 41.16 72.92 OK
r-release-linux-x86_64 0.1.4 30.16 41.33 71.49 OK
r-release-macos-arm64 0.1.4 43.00 OK
r-release-macos-x86_64 0.1.4 97.00 OK
r-release-windows-x86_64 0.1.3 33.00 88.00 121.00 OK
r-oldrel-macos-arm64 0.1.4 41.00 OK
r-oldrel-macos-x86_64 0.1.4 119.00 OK
r-oldrel-windows-x86_64 0.1.4 38.00 104.00 142.00 OK

Check Details

Version: 0.1.4
Check: dependencies in R code
Result: NOTE Namespaces in Imports field not imported from: ‘fields’ ‘knitr’ All declared Imports should be used. Flavors: r-devel-linux-x86_64-fedora-clang, r-devel-linux-x86_64-fedora-gcc