Last updated on 2024-12-19 23:50:31 CET.
Flavor | Version | Tinstall | Tcheck | Ttotal | Status | Flags |
---|---|---|---|---|---|---|
r-devel-linux-x86_64-debian-clang | 1.0.7 | 11.45 | 87.14 | 98.59 | OK | |
r-devel-linux-x86_64-debian-gcc | 1.0.7 | 6.85 | 62.59 | 69.44 | OK | |
r-devel-linux-x86_64-fedora-clang | 1.0.7 | 157.71 | NOTE | |||
r-devel-linux-x86_64-fedora-gcc | 1.0.7 | 147.08 | NOTE | |||
r-devel-windows-x86_64 | 1.0.7 | 11.00 | 96.00 | 107.00 | OK | |
r-patched-linux-x86_64 | 1.0.7 | 9.69 | 82.25 | 91.94 | OK | |
r-release-linux-x86_64 | 1.0.7 | 9.93 | 82.32 | 92.25 | OK | |
r-release-macos-arm64 | 1.0.7 | 45.00 | OK | |||
r-release-macos-x86_64 | 1.0.7 | 72.00 | OK | |||
r-release-windows-x86_64 | 1.0.7 | 10.00 | 93.00 | 103.00 | OK | |
r-oldrel-macos-arm64 | 1.0.7 | 52.00 | OK | |||
r-oldrel-macos-x86_64 | 1.0.7 | 65.00 | OK | |||
r-oldrel-windows-x86_64 | 1.0.7 | 15.00 | 117.00 | 132.00 | OK |
Version: 1.0.7
Check: dependencies in R code
Result: NOTE
Namespace in Imports field not imported from: ‘graphics’
All declared Imports should be used.
Flavors: r-devel-linux-x86_64-fedora-clang, r-devel-linux-x86_64-fedora-gcc