CRAN Package Check Results for Package coroICA

Last updated on 2024-12-19 23:50:31 CET.

Flavor Version Tinstall Tcheck Ttotal Status Flags
r-devel-linux-x86_64-debian-clang 1.0.2 2.07 24.11 26.18 OK
r-devel-linux-x86_64-debian-gcc 1.0.2 1.48 19.20 20.68 OK
r-devel-linux-x86_64-fedora-clang 1.0.2 42.94 OK
r-devel-linux-x86_64-fedora-gcc 1.0.2 39.82 OK
r-devel-windows-x86_64 1.0.2 2.00 46.00 48.00 OK
r-patched-linux-x86_64 1.0.2 1.96 23.46 25.42 NOTE
r-release-linux-x86_64 1.0.2 1.93 22.82 24.75 NOTE
r-release-macos-arm64 1.0.2 17.00 NOTE
r-release-macos-x86_64 1.0.2 34.00 NOTE
r-release-windows-x86_64 1.0.2 3.00 52.00 55.00 NOTE
r-oldrel-macos-arm64 1.0.2 17.00 NOTE
r-oldrel-macos-x86_64 1.0.2 24.00 NOTE
r-oldrel-windows-x86_64 1.0.2 3.00 46.00 49.00 NOTE

Check Details

Version: 1.0.2
Check: LazyData
Result: NOTE 'LazyData' is specified without a 'data' directory Flavors: r-patched-linux-x86_64, r-release-linux-x86_64, r-release-macos-arm64, r-release-macos-x86_64, r-release-windows-x86_64, r-oldrel-macos-arm64, r-oldrel-macos-x86_64, r-oldrel-windows-x86_64