Last updated on 2024-12-19 23:50:31 CET.
Flavor | Version | Tinstall | Tcheck | Ttotal | Status | Flags |
---|---|---|---|---|---|---|
r-devel-linux-x86_64-debian-clang | 0.0.2 | 2.26 | 38.48 | 40.74 | OK | |
r-devel-linux-x86_64-debian-gcc | 0.0.2 | 1.80 | 31.32 | 33.12 | OK | |
r-devel-linux-x86_64-fedora-clang | 0.0.2 | 68.25 | OK | |||
r-devel-linux-x86_64-fedora-gcc | 0.0.2 | 79.19 | OK | |||
r-devel-windows-x86_64 | 0.0.2 | 6.00 | 92.00 | 98.00 | OK | |
r-patched-linux-x86_64 | 0.0.2 | 2.61 | 37.55 | 40.16 | NOTE | |
r-release-linux-x86_64 | 0.0.2 | 2.33 | 37.42 | 39.75 | NOTE | |
r-release-macos-arm64 | 0.0.2 | 31.00 | NOTE | |||
r-release-macos-x86_64 | 0.0.2 | 51.00 | NOTE | |||
r-release-windows-x86_64 | 0.0.2 | 4.00 | 101.00 | 105.00 | NOTE | |
r-oldrel-macos-arm64 | 0.0.2 | 36.00 | NOTE | |||
r-oldrel-macos-x86_64 | 0.0.2 | 60.00 | NOTE | |||
r-oldrel-windows-x86_64 | 0.0.2 | 3.00 | 86.00 | 89.00 | NOTE |
Version: 0.0.2
Check: LazyData
Result: NOTE
'LazyData' is specified without a 'data' directory
Flavors: r-patched-linux-x86_64, r-release-linux-x86_64, r-release-macos-arm64, r-release-macos-x86_64, r-release-windows-x86_64, r-oldrel-macos-arm64, r-oldrel-macos-x86_64, r-oldrel-windows-x86_64