Last updated on 2024-12-19 23:50:31 CET.
Flavor | Version | Tinstall | Tcheck | Ttotal | Status | Flags |
---|---|---|---|---|---|---|
r-devel-linux-x86_64-debian-clang | 0.4.4 | 23.78 | 26.31 | 50.09 | OK | |
r-devel-linux-x86_64-debian-gcc | 0.4.4 | 21.67 | 22.12 | 43.79 | OK | |
r-devel-linux-x86_64-fedora-clang | 0.4.4 | 84.12 | OK | |||
r-devel-linux-x86_64-fedora-gcc | 0.4.4 | 99.25 | OK | |||
r-devel-windows-x86_64 | 0.4.4 | 36.00 | 57.00 | 93.00 | OK | |
r-patched-linux-x86_64 | 0.4.4 | 30.36 | 27.85 | 58.21 | NOTE | |
r-release-linux-x86_64 | 0.4.4 | 29.75 | 27.79 | 57.54 | NOTE | |
r-release-macos-arm64 | 0.4.4 | 28.00 | NOTE | |||
r-release-macos-x86_64 | 0.4.4 | 44.00 | NOTE | |||
r-release-windows-x86_64 | 0.4.4 | 38.00 | 68.00 | 106.00 | NOTE | |
r-oldrel-macos-arm64 | 0.4.4 | 32.00 | NOTE | |||
r-oldrel-macos-x86_64 | 0.4.4 | 45.00 | NOTE | |||
r-oldrel-windows-x86_64 | 0.4.4 | 42.00 | 79.00 | 121.00 | NOTE |
Version: 0.4.4
Check: LazyData
Result: NOTE
'LazyData' is specified without a 'data' directory
Flavors: r-patched-linux-x86_64, r-release-linux-x86_64, r-release-macos-arm64, r-release-macos-x86_64, r-release-windows-x86_64, r-oldrel-macos-arm64, r-oldrel-macos-x86_64, r-oldrel-windows-x86_64
Version: 0.4.4
Check: installed package size
Result: NOTE
installed size is 13.5Mb
sub-directories of 1Mb or more:
libs 13.0Mb
Flavors: r-release-macos-arm64, r-release-macos-x86_64, r-oldrel-macos-arm64, r-oldrel-macos-x86_64