CRAN Package Check Results for Package cranly

Last updated on 2024-12-19 23:50:31 CET.

Flavor Version Tinstall Tcheck Ttotal Status Flags
r-devel-linux-x86_64-debian-clang 0.6.0 7.92 346.56 354.48 OK
r-devel-linux-x86_64-debian-gcc 0.6.0 5.57 259.30 264.87 OK
r-devel-linux-x86_64-fedora-clang 0.6.0 542.96 OK
r-devel-linux-x86_64-fedora-gcc 0.6.0 555.39 OK
r-devel-windows-x86_64 0.6.0 10.00 328.00 338.00 OK
r-patched-linux-x86_64 0.6.0 7.48 333.50 340.98 OK
r-release-linux-x86_64 0.6.0 6.15 336.16 342.31 OK
r-release-macos-arm64 0.6.0 157.00 NOTE
r-release-macos-x86_64 0.6.0 260.00 NOTE
r-release-windows-x86_64 0.6.0 9.00 331.00 340.00 NOTE
r-oldrel-macos-arm64 0.6.0 195.00 NOTE
r-oldrel-macos-x86_64 0.6.0 346.00 NOTE
r-oldrel-windows-x86_64 0.6.0 11.00 459.00 470.00 NOTE

Check Details

Version: 0.6.0
Check: installed package size
Result: NOTE installed size is 5.4Mb sub-directories of 1Mb or more: doc 5.1Mb Flavors: r-release-macos-arm64, r-release-macos-x86_64, r-release-windows-x86_64, r-oldrel-macos-arm64, r-oldrel-macos-x86_64, r-oldrel-windows-x86_64