Last updated on 2024-12-19 23:50:31 CET.
Flavor | Version | Tinstall | Tcheck | Ttotal | Status | Flags |
---|---|---|---|---|---|---|
r-devel-linux-x86_64-debian-clang | 1.1.7 | 4.96 | 48.32 | 53.28 | OK | |
r-devel-linux-x86_64-debian-gcc | 1.1.7 | 4.14 | 33.60 | 37.74 | OK | |
r-devel-linux-x86_64-fedora-clang | 1.1.7 | 90.73 | NOTE | |||
r-devel-linux-x86_64-fedora-gcc | 1.1.7 | 85.11 | NOTE | |||
r-devel-windows-x86_64 | 1.1.7 | 8.00 | 69.00 | 77.00 | OK | |
r-patched-linux-x86_64 | 1.1.7 | 5.47 | 45.72 | 51.19 | OK | |
r-release-linux-x86_64 | 1.1.7 | 5.48 | 45.44 | 50.92 | OK | |
r-release-macos-arm64 | 1.1.7 | 29.00 | NOTE | |||
r-release-macos-x86_64 | 1.1.7 | 41.00 | NOTE | |||
r-release-windows-x86_64 | 1.1.7 | 9.00 | 65.00 | 74.00 | OK | |
r-oldrel-macos-arm64 | 1.1.7 | 27.00 | NOTE | |||
r-oldrel-macos-x86_64 | 1.1.7 | 73.00 | NOTE | |||
r-oldrel-windows-x86_64 | 1.1.7 | 9.00 | 74.00 | 83.00 | NOTE |
Version: 1.1.7
Check: dependencies in R code
Result: NOTE
Namespaces in Imports field not imported from:
‘DT’ ‘gbm’
All declared Imports should be used.
Flavors: r-devel-linux-x86_64-fedora-clang, r-devel-linux-x86_64-fedora-gcc
Version: 1.1.7
Check: package dependencies
Result: NOTE
Package suggested but not available for checking: ‘BSgenome.Scerevisiae.UCSC.sacCer3’
Flavors: r-release-macos-arm64, r-release-macos-x86_64, r-oldrel-macos-arm64, r-oldrel-macos-x86_64, r-oldrel-windows-x86_64