CRAN Package Check Results for Package cromwellDashboard

Last updated on 2024-12-19 23:50:31 CET.

Flavor Version Tinstall Tcheck Ttotal Status Flags
r-devel-linux-x86_64-debian-clang 0.5.1 3.11 28.94 32.05 OK
r-devel-linux-x86_64-debian-gcc 0.5.1 2.11 22.69 24.80 OK
r-devel-linux-x86_64-fedora-clang 0.5.1 51.22 OK
r-devel-linux-x86_64-fedora-gcc 0.5.1 48.43 OK
r-devel-windows-x86_64 0.5.1 5.00 51.00 56.00 OK
r-patched-linux-x86_64 0.5.1 3.75 26.97 30.72 NOTE
r-release-linux-x86_64 0.5.1 3.27 27.39 30.66 NOTE
r-release-macos-arm64 0.5.1 20.00 NOTE
r-release-macos-x86_64 0.5.1 28.00 NOTE
r-release-windows-x86_64 0.5.1 6.00 57.00 63.00 NOTE
r-oldrel-macos-arm64 0.5.1 21.00 NOTE
r-oldrel-macos-x86_64 0.5.1 30.00 NOTE
r-oldrel-windows-x86_64 0.5.1 6.00 52.00 58.00 NOTE

Check Details

Version: 0.5.1
Check: LazyData
Result: NOTE 'LazyData' is specified without a 'data' directory Flavors: r-patched-linux-x86_64, r-release-linux-x86_64, r-release-macos-arm64, r-release-macos-x86_64, r-release-windows-x86_64, r-oldrel-macos-arm64, r-oldrel-macos-x86_64, r-oldrel-windows-x86_64