CRAN Package Check Results for Package crosstalk

Last updated on 2024-12-19 23:50:31 CET.

Flavor Version Tinstall Tcheck Ttotal Status Flags
r-devel-linux-x86_64-debian-clang 1.2.1 3.98 28.03 32.01 NOTE
r-devel-linux-x86_64-debian-gcc 1.2.1 2.86 22.64 25.50 NOTE
r-devel-linux-x86_64-fedora-clang 1.2.1 51.34 OK
r-devel-linux-x86_64-fedora-gcc 1.2.1 48.05 OK
r-devel-windows-x86_64 1.2.1 6.00 52.00 58.00 NOTE
r-patched-linux-x86_64 1.2.1 5.17 26.24 31.41 OK
r-release-linux-x86_64 1.2.1 4.20 26.64 30.84 OK
r-release-macos-arm64 1.2.1 21.00 OK
r-release-macos-x86_64 1.2.1 45.00 OK
r-release-windows-x86_64 1.2.1 6.00 58.00 64.00 OK
r-oldrel-macos-arm64 1.2.1 26.00 OK
r-oldrel-macos-x86_64 1.2.1 73.00 OK
r-oldrel-windows-x86_64 1.2.1 7.00 53.00 60.00 OK

Check Details

Version: 1.2.1
Check: Rd cross-references
Result: NOTE Found the following Rd file(s) with Rd \link{} targets missing package anchors: filter_slider.Rd: tag, HTML Please provide package anchors for all Rd \link{} targets not in the package itself and the base packages. Flavors: r-devel-linux-x86_64-debian-clang, r-devel-linux-x86_64-debian-gcc, r-devel-windows-x86_64