Last updated on 2024-12-19 23:50:31 CET.
Flavor | Version | Tinstall | Tcheck | Ttotal | Status | Flags |
---|---|---|---|---|---|---|
r-devel-linux-x86_64-debian-clang | 1.0.5 | 10.84 | 152.07 | 162.91 | OK | |
r-devel-linux-x86_64-debian-gcc | 1.0.5 | 9.21 | 103.44 | 112.65 | OK | |
r-devel-linux-x86_64-fedora-clang | 1.0.5 | 266.30 | OK | |||
r-devel-linux-x86_64-fedora-gcc | 1.0.5 | 278.85 | OK | |||
r-devel-windows-x86_64 | 1.0.5 | 19.00 | 179.00 | 198.00 | OK | |
r-patched-linux-x86_64 | 1.0.5 | 13.94 | 147.74 | 161.68 | OK | |
r-release-linux-x86_64 | 1.0.5 | 10.57 | 148.73 | 159.30 | OK | |
r-release-macos-arm64 | 1.0.5 | 122.00 | NOTE | |||
r-release-macos-x86_64 | 1.0.5 | 164.00 | NOTE | |||
r-release-windows-x86_64 | 1.0.5 | 18.00 | 172.00 | 190.00 | OK | |
r-oldrel-macos-arm64 | 1.0.5 | 138.00 | NOTE | |||
r-oldrel-macos-x86_64 | 1.0.5 | 210.00 | NOTE | |||
r-oldrel-windows-x86_64 | 1.0.5 | 22.00 | 229.00 | 251.00 | NOTE |
Version: 1.0.5
Check: package dependencies
Result: NOTE
Package suggested but not available for checking: ‘EnsDb.Hsapiens.v86’
Flavors: r-release-macos-arm64, r-release-macos-x86_64, r-oldrel-macos-arm64, r-oldrel-macos-x86_64, r-oldrel-windows-x86_64