CRAN Package Check Results for Package dartR.base

Last updated on 2024-12-19 23:50:31 CET.

Flavor Version Tinstall Tcheck Ttotal Status Flags
r-devel-linux-x86_64-debian-clang 0.98 45.53 313.10 358.63 OK
r-devel-linux-x86_64-debian-gcc 0.98 28.01 204.47 232.48 OK
r-devel-linux-x86_64-fedora-clang 0.98 596.58 OK
r-devel-linux-x86_64-fedora-gcc 0.98 574.12 OK
r-devel-windows-x86_64 0.98 41.00 337.00 378.00 OK
r-patched-linux-x86_64 0.98 45.46 289.24 334.70 OK
r-release-linux-x86_64 0.98 38.03 292.44 330.47 OK
r-release-macos-arm64 0.98 112.00 OK
r-release-macos-x86_64 0.98 275.00 OK
r-release-windows-x86_64 0.98 42.00 332.00 374.00 OK
r-oldrel-macos-arm64 0.98 145.00 NOTE
r-oldrel-macos-x86_64 0.98 280.00 OK
r-oldrel-windows-x86_64 0.98 56.00 428.00 484.00 OK

Additional issues

gcc-ASAN

Check Details

Version: 0.98
Check: package dependencies
Result: NOTE Package suggested but not available for checking: ‘snpStats’ Flavor: r-oldrel-macos-arm64

Version: 0.98
Check: Rd cross-references
Result: NOTE Package unavailable to check Rd xrefs: ‘snpStats’ Flavor: r-oldrel-macos-arm64