CRAN Package Check Results for Package dataquieR

Last updated on 2024-12-19 23:50:31 CET.

Flavor Version Tinstall Tcheck Ttotal Status Flags
r-devel-linux-x86_64-debian-clang 2.1.0 45.31 375.04 420.35 NOTE
r-devel-linux-x86_64-debian-gcc 2.1.0 29.74 267.86 297.60 NOTE
r-devel-linux-x86_64-fedora-clang 2.1.0 694.32 OK
r-devel-linux-x86_64-fedora-gcc 2.1.0 661.88 OK
r-devel-windows-x86_64 2.1.0 59.00 366.00 425.00 NOTE
r-patched-linux-x86_64 2.1.0 57.67 351.86 409.53 OK
r-release-linux-x86_64 2.1.0 36.54 350.23 386.77 OK
r-release-macos-arm64 2.1.0 166.00 OK
r-release-macos-x86_64 2.1.0 241.00 OK
r-release-windows-x86_64 2.1.0 61.00 346.00 407.00 OK
r-oldrel-macos-arm64 2.1.0 180.00 OK
r-oldrel-macos-x86_64 2.1.0 404.00 OK
r-oldrel-windows-x86_64 2.1.0 79.00 428.00 507.00 OK

Check Details

Version: 2.1.0
Check: Rd cross-references
Result: NOTE Found the following Rd file(s) with Rd \link{} targets missing package anchors: acc_distributions.Rd: ggplot acc_distributions_loc.Rd: ggplot acc_distributions_loc_ecdf.Rd: ggplot acc_distributions_only.Rd: ggplot acc_distributions_only_ecdf.Rd: ggplot acc_distributions_prop.Rd: ggplot acc_multivariate_outlier.Rd: ggplot2 acc_robust_univariate_outlier.Rd: ggplot acc_shape_or_scale.Rd: ggplot2 acc_univariate_outlier.Rd: ggplot con_contradictions.Rd: ggplot con_contradictions_redcap.Rd: ggplot con_limit_deviations.Rd: ggplot des_scatterplot_matrix.Rd: ggplot int_datatype_matrix.Rd: ggplot2 prep_render_pie_chart_from_summaryclasses_ggplot2.Rd: ggplot2 pro_applicability_matrix.Rd: ggplot2 util_heatmap_1th.Rd: ggplot util_plot_figure_no_plotly.Rd: ggplot2 util_plot_figure_plotly.Rd: ggplot2 util_set_size.Rd: ggplot Please provide package anchors for all Rd \link{} targets not in the package itself and the base packages. Flavors: r-devel-linux-x86_64-debian-clang, r-devel-linux-x86_64-debian-gcc, r-devel-windows-x86_64