CRAN Package Check Results for Package debugr

Last updated on 2024-12-19 23:50:31 CET.

Flavor Version Tinstall Tcheck Ttotal Status Flags
r-devel-linux-x86_64-debian-clang 0.0.1 1.81 20.78 22.59 OK
r-devel-linux-x86_64-debian-gcc 0.0.1 1.38 17.10 18.48 OK
r-devel-linux-x86_64-fedora-clang 0.0.1 37.04 OK
r-devel-linux-x86_64-fedora-gcc 0.0.1 48.11 OK
r-devel-windows-x86_64 0.0.1 3.00 46.00 49.00 OK
r-patched-linux-x86_64 0.0.1 1.85 20.05 21.90 NOTE
r-release-linux-x86_64 0.0.1 1.63 20.03 21.66 NOTE
r-release-macos-arm64 0.0.1 22.00 NOTE
r-release-macos-x86_64 0.0.1 33.00 NOTE
r-release-windows-x86_64 0.0.1 4.00 44.00 48.00 NOTE
r-oldrel-macos-arm64 0.0.1 23.00 NOTE
r-oldrel-macos-x86_64 0.0.1 31.00 NOTE
r-oldrel-windows-x86_64 0.0.1 3.00 45.00 48.00 NOTE

Check Details

Version: 0.0.1
Check: LazyData
Result: NOTE 'LazyData' is specified without a 'data' directory Flavors: r-patched-linux-x86_64, r-release-linux-x86_64, r-release-macos-arm64, r-release-macos-x86_64, r-release-windows-x86_64, r-oldrel-macos-arm64, r-oldrel-macos-x86_64, r-oldrel-windows-x86_64