CRAN Package Check Results for Package denim

Last updated on 2024-12-19 23:50:31 CET.

Flavor Version Tinstall Tcheck Ttotal Status Flags
r-devel-linux-x86_64-debian-clang 1.0.0 109.48 61.76 171.24 OK
r-devel-linux-x86_64-debian-gcc 1.0.0 80.83 48.34 129.17 OK
r-devel-linux-x86_64-fedora-clang 1.0.0 338.75 OK
r-devel-linux-x86_64-fedora-gcc 1.0.0 358.47 OK
r-devel-windows-x86_64 1.0.0 120.00 111.00 231.00 OK
r-patched-linux-x86_64 1.0.0 113.63 62.49 176.12 OK
r-release-linux-x86_64 1.0.0 111.98 62.44 174.42 OK
r-release-macos-arm64 1.0.0 97.00 NOTE
r-release-macos-x86_64 1.0.0 176.00 NOTE
r-release-windows-x86_64 1.0.0 131.00 110.00 241.00 NOTE
r-oldrel-macos-arm64 1.0.0 102.00 NOTE
r-oldrel-macos-x86_64 1.0.0 141.00 NOTE
r-oldrel-windows-x86_64 1.0.0 139.00 128.00 267.00 NOTE

Check Details

Version: 1.0.0
Check: installed package size
Result: NOTE installed size is 17.7Mb sub-directories of 1Mb or more: doc 2.4Mb help 2.2Mb libs 13.0Mb Flavors: r-release-macos-arm64, r-release-macos-x86_64, r-release-windows-x86_64, r-oldrel-macos-arm64, r-oldrel-macos-x86_64, r-oldrel-windows-x86_64