CRAN Package Check Results for Package desctable

Last updated on 2024-12-19 23:50:31 CET.

Flavor Version Tinstall Tcheck Ttotal Status Flags
r-devel-linux-x86_64-debian-clang 0.3.0 5.77 59.05 64.82 NOTE
r-devel-linux-x86_64-debian-gcc 0.3.0 4.75 45.24 49.99 NOTE
r-devel-linux-x86_64-fedora-clang 0.3.0 104.22 OK
r-devel-linux-x86_64-fedora-gcc 0.3.0 111.74 OK
r-devel-windows-x86_64 0.3.0 9.00 82.00 91.00 NOTE
r-patched-linux-x86_64 0.3.0 9.90 56.06 65.96 OK
r-release-linux-x86_64 0.3.0 4.84 55.78 60.62 OK
r-release-macos-arm64 0.3.0 42.00 OK
r-release-macos-x86_64 0.3.0 59.00 OK
r-release-windows-x86_64 0.3.0 9.00 90.00 99.00 OK
r-oldrel-macos-arm64 0.3.0 39.00 OK
r-oldrel-macos-x86_64 0.3.0 62.00 OK
r-oldrel-windows-x86_64 0.3.0 9.00 92.00 101.00 OK

Check Details

Version: 0.3.0
Check: Rd cross-references
Result: NOTE Found the following Rd file(s) with Rd \link{} targets missing package anchors: pander.desctable.Rd: pandoc.table Please provide package anchors for all Rd \link{} targets not in the package itself and the base packages. Flavors: r-devel-linux-x86_64-debian-clang, r-devel-linux-x86_64-debian-gcc, r-devel-windows-x86_64