Last updated on 2024-12-19 23:50:31 CET.
Flavor | Version | Tinstall | Tcheck | Ttotal | Status | Flags |
---|---|---|---|---|---|---|
r-devel-linux-x86_64-debian-clang | 1.5.0 | 121.33 | 181.70 | 303.03 | OK | |
r-devel-linux-x86_64-debian-gcc | 1.5.0 | 84.99 | 139.32 | 224.31 | OK | |
r-devel-linux-x86_64-fedora-clang | 1.5.0 | 592.70 | OK | |||
r-devel-linux-x86_64-fedora-gcc | 1.5.0 | 576.12 | OK | |||
r-devel-windows-x86_64 | 1.5.0 | 125.00 | 201.00 | 326.00 | OK | |
r-patched-linux-x86_64 | 1.5.0 | 112.55 | 191.08 | 303.63 | OK | |
r-release-linux-x86_64 | 1.5.0 | 115.56 | 197.95 | 313.51 | OK | |
r-release-macos-arm64 | 1.5.0 | 158.00 | NOTE | |||
r-release-macos-x86_64 | 1.5.0 | 335.00 | NOTE | |||
r-release-windows-x86_64 | 1.5.0 | 123.00 | 190.00 | 313.00 | OK | |
r-oldrel-macos-arm64 | 1.5.0 | 175.00 | NOTE | |||
r-oldrel-macos-x86_64 | 1.5.0 | 274.00 | NOTE | |||
r-oldrel-windows-x86_64 | 1.5.0 | 149.00 | 251.00 | 400.00 | OK |
Version: 1.5.0
Check: installed package size
Result: NOTE
installed size is 9.5Mb
sub-directories of 1Mb or more:
doc 1.2Mb
libs 7.5Mb
Flavors: r-release-macos-arm64, r-release-macos-x86_64, r-oldrel-macos-arm64, r-oldrel-macos-x86_64