Last updated on 2024-12-19 23:50:31 CET.
Flavor | Version | Tinstall | Tcheck | Ttotal | Status | Flags |
---|---|---|---|---|---|---|
r-devel-linux-x86_64-debian-clang | 3.1.0 | 368.95 | 99.51 | 468.46 | OK | |
r-devel-linux-x86_64-debian-gcc | 3.1.0 | 291.66 | 73.00 | 364.66 | OK | |
r-devel-linux-x86_64-fedora-clang | 3.1.0 | 978.52 | OK | |||
r-devel-linux-x86_64-fedora-gcc | 3.1.0 | 1065.40 | OK | |||
r-devel-windows-x86_64 | 3.1.0 | 439.00 | 155.00 | 594.00 | OK | |
r-patched-linux-x86_64 | 3.1.0 | 408.41 | 90.35 | 498.76 | OK | |
r-release-linux-x86_64 | 3.1.0 | 413.11 | 89.74 | 502.85 | OK | |
r-release-macos-arm64 | 3.1.0 | 173.00 | NOTE | |||
r-release-macos-x86_64 | 3.1.0 | 278.00 | NOTE | |||
r-release-windows-x86_64 | 3.1.0 | 452.00 | 140.00 | 592.00 | OK | |
r-oldrel-macos-arm64 | 3.1.0 | 186.00 | NOTE | |||
r-oldrel-macos-x86_64 | 3.1.0 | 244.00 | NOTE | |||
r-oldrel-windows-x86_64 | 3.1.0 | 521.00 | 172.00 | 693.00 | OK |
Version: 3.1.0
Check: installed package size
Result: NOTE
installed size is 16.9Mb
sub-directories of 1Mb or more:
doc 1.5Mb
libs 15.0Mb
Flavors: r-release-macos-arm64, r-release-macos-x86_64, r-oldrel-macos-arm64, r-oldrel-macos-x86_64