CRAN Package Check Results for Package discretefit

Last updated on 2024-12-19 23:50:32 CET.

Flavor Version Tinstall Tcheck Ttotal Status Flags
r-devel-linux-x86_64-debian-clang 0.1.2 16.29 37.21 53.50 NOTE
r-devel-linux-x86_64-debian-gcc 0.1.2 12.62 27.14 39.76 NOTE
r-devel-linux-x86_64-fedora-clang 0.1.2 100.69 NOTE
r-devel-linux-x86_64-fedora-gcc 0.1.2 113.13 NOTE
r-devel-windows-x86_64 0.1.2 19.00 77.00 96.00 NOTE
r-patched-linux-x86_64 0.1.2 18.96 35.63 54.59 NOTE
r-release-linux-x86_64 0.1.2 18.05 35.32 53.37 NOTE
r-release-macos-arm64 0.1.2 35.00 NOTE
r-release-macos-x86_64 0.1.2 49.00 NOTE
r-release-windows-x86_64 0.1.2 23.00 74.00 97.00 NOTE
r-oldrel-macos-arm64 0.1.2 39.00 NOTE
r-oldrel-macos-x86_64 0.1.2 62.00 NOTE
r-oldrel-windows-x86_64 0.1.2 20.00 82.00 102.00 NOTE

Check Details

Version: 0.1.2
Check: C++ specification
Result: NOTE Specified C++11: please drop specification unless essential Flavors: r-devel-linux-x86_64-debian-clang, r-devel-linux-x86_64-debian-gcc, r-devel-linux-x86_64-fedora-clang, r-devel-linux-x86_64-fedora-gcc, r-devel-windows-x86_64, r-patched-linux-x86_64, r-release-linux-x86_64, r-release-macos-arm64, r-release-macos-x86_64, r-release-windows-x86_64, r-oldrel-macos-arm64, r-oldrel-macos-x86_64, r-oldrel-windows-x86_64