Last updated on 2024-12-19 23:50:32 CET.
Flavor | Version | Tinstall | Tcheck | Ttotal | Status | Flags |
---|---|---|---|---|---|---|
r-devel-linux-x86_64-debian-clang | 2.0.6 | 22.03 | 243.71 | 265.74 | OK | |
r-devel-linux-x86_64-debian-gcc | 2.0.6 | 15.23 | 145.40 | 160.63 | OK | |
r-devel-linux-x86_64-fedora-clang | 2.0.6 | 450.93 | OK | |||
r-devel-linux-x86_64-fedora-gcc | 2.0.6 | 765.07 | OK | |||
r-devel-windows-x86_64 | 2.0.6 | 22.00 | 203.00 | 225.00 | OK | |
r-patched-linux-x86_64 | 2.0.6 | 22.27 | 224.12 | 246.39 | NOTE | |
r-release-linux-x86_64 | 2.0.6 | 21.65 | 227.50 | 249.15 | NOTE | |
r-release-macos-arm64 | 2.0.6 | 88.00 | NOTE | |||
r-release-macos-x86_64 | 2.0.6 | 153.00 | NOTE | |||
r-release-windows-x86_64 | 2.0.6 | 23.00 | 200.00 | 223.00 | OK | |
r-oldrel-macos-arm64 | 2.0.6 | 108.00 | NOTE | |||
r-oldrel-macos-x86_64 | 2.0.6 | 347.00 | NOTE | |||
r-oldrel-windows-x86_64 | 2.0.6 | 30.00 | 269.00 | 299.00 | NOTE |
Version: 2.0.6
Check: package dependencies
Result: NOTE
Package which this enhances but not available for checking: ‘INLA’
Flavors: r-patched-linux-x86_64, r-release-linux-x86_64, r-release-macos-arm64, r-release-macos-x86_64, r-oldrel-macos-arm64, r-oldrel-macos-x86_64, r-oldrel-windows-x86_64