Last updated on 2024-12-19 23:50:32 CET.
Flavor | Version | Tinstall | Tcheck | Ttotal | Status | Flags |
---|---|---|---|---|---|---|
r-devel-linux-x86_64-debian-clang | 0.3.1 | 2.98 | 29.80 | 32.78 | OK | |
r-devel-linux-x86_64-debian-gcc | 0.3.1 | 2.40 | 24.43 | 26.83 | OK | |
r-devel-linux-x86_64-fedora-clang | 0.3.1 | 52.29 | OK | |||
r-devel-linux-x86_64-fedora-gcc | 0.3.1 | 49.73 | OK | |||
r-devel-windows-x86_64 | 0.3.1 | 6.00 | 52.00 | 58.00 | OK | |
r-patched-linux-x86_64 | 0.3.1 | 3.19 | 28.68 | 31.87 | NOTE | |
r-release-linux-x86_64 | 0.3.1 | 3.33 | 28.76 | 32.09 | NOTE | |
r-release-macos-arm64 | 0.3.1 | 21.00 | NOTE | |||
r-release-macos-x86_64 | 0.3.1 | 29.00 | NOTE | |||
r-release-windows-x86_64 | 0.3.1 | 6.00 | 58.00 | 64.00 | NOTE | |
r-oldrel-macos-arm64 | 0.3.1 | 21.00 | NOTE | |||
r-oldrel-macos-x86_64 | 0.3.1 | 32.00 | NOTE | |||
r-oldrel-windows-x86_64 | 0.3.1 | 7.00 | 56.00 | 63.00 | NOTE |
Version: 0.3.1
Check: LazyData
Result: NOTE
'LazyData' is specified without a 'data' directory
Flavors: r-patched-linux-x86_64, r-release-linux-x86_64, r-release-macos-arm64, r-release-macos-x86_64, r-release-windows-x86_64, r-oldrel-macos-arm64, r-oldrel-macos-x86_64, r-oldrel-windows-x86_64