Last updated on 2024-12-19 23:50:32 CET.
Flavor | Version | Tinstall | Tcheck | Ttotal | Status | Flags |
---|---|---|---|---|---|---|
r-devel-linux-x86_64-debian-clang | 3.1.0 | 9.07 | 361.55 | 370.62 | NOTE | |
r-devel-linux-x86_64-debian-gcc | 3.2.0 | 6.23 | 185.32 | 191.55 | OK | |
r-devel-linux-x86_64-fedora-clang | 3.2.0 | 254.16 | OK | |||
r-devel-linux-x86_64-fedora-gcc | 3.2.0 | 286.31 | OK | |||
r-devel-windows-x86_64 | 3.1.0 | 11.00 | 365.00 | 376.00 | NOTE | |
r-patched-linux-x86_64 | 3.1.0 | 6.90 | 338.83 | 345.73 | NOTE | |
r-release-linux-x86_64 | 3.1.0 | 8.00 | 348.42 | 356.42 | NOTE | |
r-release-macos-arm64 | 3.2.0 | 129.00 | OK | |||
r-release-macos-x86_64 | 3.2.0 | 286.00 | OK | |||
r-release-windows-x86_64 | 3.1.0 | 12.00 | 344.00 | 356.00 | NOTE | |
r-oldrel-macos-arm64 | 3.2.0 | 120.00 | OK | |||
r-oldrel-macos-x86_64 | 3.2.0 | 247.00 | OK | |||
r-oldrel-windows-x86_64 | 3.1.0 | 12.00 | 455.00 | 467.00 | OK |
Version: 3.1.0
Check: Rd files
Result: NOTE
checkRd: (-1) dreamerplot.Rd:53: Lost braces; missing escapes or markup?
53 | a dose returns the plot of pr(trt_dose - trt_{reference_dose} | data).}
| ^
checkRd: (-1) posterior.Rd:70: Lost braces; missing escapes or markup?
70 | a dose returns the plot of pr(trt_dose - trt_{reference_dose} | data).}
| ^
Flavors: r-devel-linux-x86_64-debian-clang, r-devel-windows-x86_64, r-patched-linux-x86_64, r-release-linux-x86_64, r-release-windows-x86_64