Last updated on 2024-12-19 23:50:32 CET.
Flavor | Version | Tinstall | Tcheck | Ttotal | Status | Flags |
---|---|---|---|---|---|---|
r-devel-linux-x86_64-debian-clang | 1.0.2 | 28.77 | 220.08 | 248.85 | NOTE | |
r-devel-linux-x86_64-debian-gcc | 1.0.2 | 17.09 | 138.16 | 155.25 | NOTE | |
r-devel-linux-x86_64-fedora-clang | 1.1.0 | 246.32 | OK | |||
r-devel-linux-x86_64-fedora-gcc | 1.0.2 | 376.00 | NOTE | |||
r-devel-windows-x86_64 | 1.0.2 | 22.00 | 174.00 | 196.00 | NOTE | |
r-patched-linux-x86_64 | 1.0.2 | 25.29 | 202.64 | 227.93 | OK | |
r-release-linux-x86_64 | 1.0.2 | 26.37 | 206.41 | 232.78 | OK | |
r-release-macos-arm64 | 1.0.2 | 97.00 | OK | |||
r-release-macos-x86_64 | 1.1.0 | 208.00 | OK | |||
r-release-windows-x86_64 | 1.0.2 | 22.00 | 164.00 | 186.00 | OK | |
r-oldrel-macos-arm64 | 1.0.2 | 100.00 | OK | |||
r-oldrel-macos-x86_64 | 1.0.2 | 213.00 | OK | |||
r-oldrel-windows-x86_64 | 1.0.2 | 32.00 | 232.00 | 264.00 | OK |
Version: 1.0.2
Check: DESCRIPTION meta-information
Result: NOTE
Language field contains the following invalid language tags:
en_GB
Flavors: r-devel-linux-x86_64-debian-clang, r-devel-linux-x86_64-debian-gcc, r-devel-linux-x86_64-fedora-gcc, r-devel-windows-x86_64