CRAN Package Check Results for Package dynutils

Last updated on 2024-12-19 23:50:32 CET.

Flavor Version Tinstall Tcheck Ttotal Status Flags
r-devel-linux-x86_64-debian-clang 1.0.11 23.38 221.39 244.77 NOTE
r-devel-linux-x86_64-debian-gcc 1.0.11 15.62 170.50 186.12 NOTE
r-devel-linux-x86_64-fedora-clang 1.0.11 400.99 OK
r-devel-linux-x86_64-fedora-gcc 1.0.11 410.22 OK
r-devel-windows-x86_64 1.0.11 25.00 249.00 274.00 NOTE
r-patched-linux-x86_64 1.0.11 26.10 217.92 244.02 OK
r-release-linux-x86_64 1.0.11 21.42 217.83 239.25 OK
r-release-macos-arm64 1.0.11 79.00 OK
r-release-macos-x86_64 1.0.11 198.00 OK
r-release-windows-x86_64 1.0.11 27.00 246.00 273.00 OK
r-oldrel-macos-arm64 1.0.11 87.00 OK
r-oldrel-macos-x86_64 1.0.11 151.00 OK
r-oldrel-windows-x86_64 1.0.11 31.00 318.00 349.00 OK

Check Details

Version: 1.0.11
Check: Rd cross-references
Result: NOTE Found the following Rd file(s) with Rd \link{} targets missing package anchors: mapdf.Rd: map Please provide package anchors for all Rd \link{} targets not in the package itself and the base packages. Flavors: r-devel-linux-x86_64-debian-clang, r-devel-linux-x86_64-debian-gcc, r-devel-windows-x86_64