Last updated on 2024-12-19 23:50:32 CET.
Flavor | Version | Tinstall | Tcheck | Ttotal | Status | Flags |
---|---|---|---|---|---|---|
r-devel-linux-x86_64-debian-clang | 1.5-3 | 66.86 | 29.83 | 96.69 | NOTE | |
r-devel-linux-x86_64-debian-gcc | 1.5-3 | 56.78 | 22.67 | 79.45 | NOTE | |
r-devel-linux-x86_64-fedora-clang | 1.5-3 | 209.01 | OK | |||
r-devel-linux-x86_64-fedora-gcc | 1.5-3 | 221.96 | OK | |||
r-devel-windows-x86_64 | 1.5-3 | 80.00 | 74.00 | 154.00 | NOTE | |
r-patched-linux-x86_64 | 1.5-3 | 80.21 | 29.13 | 109.34 | OK | |
r-release-linux-x86_64 | 1.5-3 | 78.26 | 29.02 | 107.28 | OK | |
r-release-macos-arm64 | 1.5-3 | 43.00 | OK | |||
r-release-macos-x86_64 | 1.5-3 | 49.00 | OK | |||
r-release-windows-x86_64 | 1.5-3 | 80.00 | 73.00 | 153.00 | OK | |
r-oldrel-macos-arm64 | 1.5-3 | 54.00 | OK | |||
r-oldrel-macos-x86_64 | 1.5-3 | 86.00 | OK | |||
r-oldrel-windows-x86_64 | 1.5-3 | 100.00 | 85.00 | 185.00 | OK |
Version: 1.5-3
Check: Rd cross-references
Result: NOTE
Found the following Rd file(s) with Rd \link{} targets missing package
anchors:
USData.Rd: xts
USRecessions.Rd: zoo
Please provide package anchors for all Rd \link{} targets not in the
package itself and the base packages.
Flavors: r-devel-linux-x86_64-debian-clang, r-devel-linux-x86_64-debian-gcc, r-devel-windows-x86_64