Last updated on 2024-12-19 23:50:32 CET.
Flavor | Version | Tinstall | Tcheck | Ttotal | Status | Flags |
---|---|---|---|---|---|---|
r-devel-linux-x86_64-debian-clang | 1.3.3 | 12.71 | 278.21 | 290.92 | NOTE | |
r-devel-linux-x86_64-debian-gcc | 1.3.3 | 9.04 | 183.93 | 192.97 | NOTE | |
r-devel-linux-x86_64-fedora-clang | 1.3.3 | 468.09 | OK | |||
r-devel-linux-x86_64-fedora-gcc | 1.3.3 | 466.96 | OK | |||
r-devel-windows-x86_64 | 1.3.3 | 18.00 | 338.00 | 356.00 | NOTE | |
r-patched-linux-x86_64 | 1.3.3 | 19.73 | 262.66 | 282.39 | OK | |
r-release-linux-x86_64 | 1.3.3 | 14.29 | 261.13 | 275.42 | OK | |
r-release-macos-arm64 | 1.3.3 | 126.00 | OK | |||
r-release-macos-x86_64 | 1.3.3 | 263.00 | OK | |||
r-release-windows-x86_64 | 1.3.3 | 17.00 | 324.00 | 341.00 | OK | |
r-oldrel-macos-arm64 | 1.3.3 | 168.00 | OK | |||
r-oldrel-macos-x86_64 | 1.3.3 | 383.00 | OK | |||
r-oldrel-windows-x86_64 | 1.3.3 | 21.00 | 386.00 | 407.00 | OK |
Version: 1.3.3
Check: Rd cross-references
Result: NOTE
Found the following Rd file(s) with Rd \link{} targets missing package
anchors:
join_vars_to_ontol.Rd: tidygraph
metavariable_agg.Rd: tidygraph
Please provide package anchors for all Rd \link{} targets not in the
package itself and the base packages.
Flavors: r-devel-linux-x86_64-debian-clang, r-devel-linux-x86_64-debian-gcc, r-devel-windows-x86_64