CRAN Package Check Results for Package eList

Last updated on 2024-12-19 23:50:32 CET.

Flavor Version Tinstall Tcheck Ttotal Status Flags
r-devel-linux-x86_64-debian-clang 0.2.0 2.15 25.32 27.47 OK
r-devel-linux-x86_64-debian-gcc 0.2.0 1.54 19.43 20.97 OK
r-devel-linux-x86_64-fedora-clang 0.2.0 46.64 OK
r-devel-linux-x86_64-fedora-gcc 0.2.0 56.79 OK
r-devel-windows-x86_64 0.2.0 3.00 50.00 53.00 OK
r-patched-linux-x86_64 0.2.0 2.77 24.14 26.91 NOTE
r-release-linux-x86_64 0.2.0 2.20 24.38 26.58 NOTE
r-release-macos-arm64 0.2.0 26.00 NOTE
r-release-macos-x86_64 0.2.0 36.00 NOTE
r-release-windows-x86_64 0.2.0 5.00 56.00 61.00 NOTE
r-oldrel-macos-arm64 0.2.0 25.00 NOTE
r-oldrel-macos-x86_64 0.2.0 33.00 NOTE
r-oldrel-windows-x86_64 0.2.0 3.00 50.00 53.00 NOTE

Check Details

Version: 0.2.0
Check: LazyData
Result: NOTE 'LazyData' is specified without a 'data' directory Flavors: r-patched-linux-x86_64, r-release-linux-x86_64, r-release-macos-arm64, r-release-macos-x86_64, r-release-windows-x86_64, r-oldrel-macos-arm64, r-oldrel-macos-x86_64, r-oldrel-windows-x86_64