CRAN Package Check Results for Package easypackages

Last updated on 2024-12-19 23:50:32 CET.

Flavor Version Tinstall Tcheck Ttotal Status Flags
r-devel-linux-x86_64-debian-clang 0.1.0 6.04 53.91 59.95 OK
r-devel-linux-x86_64-debian-gcc 0.1.0 4.49 37.20 41.69 OK
r-devel-linux-x86_64-fedora-clang 0.1.0 97.93 OK
r-devel-linux-x86_64-fedora-gcc 0.1.0 105.12 OK
r-devel-windows-x86_64 0.1.0 8.00 70.00 78.00 OK
r-patched-linux-x86_64 0.1.0 5.21 50.85 56.06 NOTE
r-release-linux-x86_64 0.1.0 6.08 50.92 57.00 NOTE
r-release-macos-arm64 0.1.0 36.00 NOTE
r-release-macos-x86_64 0.1.0 53.00 NOTE
r-release-windows-x86_64 0.1.0 9.00 70.00 79.00 NOTE
r-oldrel-macos-arm64 0.1.0 42.00 NOTE
r-oldrel-macos-x86_64 0.1.0 65.00 NOTE
r-oldrel-windows-x86_64 0.1.0 10.00 79.00 89.00 NOTE

Check Details

Version: 0.1.0
Check: LazyData
Result: NOTE 'LazyData' is specified without a 'data' directory Flavors: r-patched-linux-x86_64, r-release-linux-x86_64, r-release-macos-arm64, r-release-macos-x86_64, r-release-windows-x86_64, r-oldrel-macos-arm64, r-oldrel-macos-x86_64, r-oldrel-windows-x86_64