CRAN Package Check Results for Package echoice2

Last updated on 2024-12-19 23:50:32 CET.

Flavor Version Tinstall Tcheck Ttotal Status Flags
r-devel-linux-x86_64-debian-clang 0.2.4 63.17 78.62 141.79 OK
r-devel-linux-x86_64-debian-gcc 0.2.4 48.95 58.13 107.08 OK
r-devel-linux-x86_64-fedora-clang 0.2.4 238.45 OK
r-devel-linux-x86_64-fedora-gcc 0.2.4 275.41 OK
r-devel-windows-x86_64 0.2.4 65.00 131.00 196.00 OK
r-patched-linux-x86_64 0.2.4 69.95 75.68 145.63 OK
r-release-linux-x86_64 0.2.4 65.12 76.10 141.22 OK
r-release-macos-arm64 0.2.4 85.00 NOTE
r-release-macos-x86_64 0.2.4 128.00 NOTE
r-release-windows-x86_64 0.2.4 63.00 124.00 187.00 OK
r-oldrel-macos-arm64 0.2.4 79.00 NOTE
r-oldrel-macos-x86_64 0.2.4 267.00 NOTE
r-oldrel-windows-x86_64 0.2.4 73.00 149.00 222.00 OK

Check Details

Version: 0.2.4
Check: installed package size
Result: NOTE installed size is 13.5Mb sub-directories of 1Mb or more: doc 1.3Mb libs 11.7Mb Flavors: r-release-macos-arm64, r-release-macos-x86_64, r-oldrel-macos-arm64, r-oldrel-macos-x86_64