Last updated on 2024-12-19 23:50:32 CET.
Flavor | Version | Tinstall | Tcheck | Ttotal | Status | Flags |
---|---|---|---|---|---|---|
r-devel-linux-x86_64-debian-clang | 2.9.5 | 8.52 | 64.49 | 73.01 | NOTE | |
r-devel-linux-x86_64-debian-gcc | 2.9.5 | 4.94 | 45.77 | 50.71 | NOTE | |
r-devel-linux-x86_64-fedora-clang | 2.9.5 | 115.74 | OK | |||
r-devel-linux-x86_64-fedora-gcc | 2.9.5 | 120.36 | OK | |||
r-devel-windows-x86_64 | 2.9.5 | 10.00 | 109.00 | 119.00 | NOTE | |
r-patched-linux-x86_64 | 2.9.5 | 13.28 | 61.14 | 74.42 | OK | |
r-release-linux-x86_64 | 2.9.5 | 7.89 | 62.24 | 70.13 | OK | |
r-release-macos-arm64 | 2.9.5 | 42.00 | OK | |||
r-release-macos-x86_64 | 2.9.5 | 72.00 | OK | |||
r-release-windows-x86_64 | 2.9.5 | 9.00 | 106.00 | 115.00 | OK | |
r-oldrel-macos-arm64 | 2.9.5 | 47.00 | OK | |||
r-oldrel-macos-x86_64 | 2.9.5 | 86.00 | OK | |||
r-oldrel-windows-x86_64 | 2.9.5 | 12.00 | 112.00 | 124.00 | OK |
Version: 2.9.5
Check: Rd cross-references
Result: NOTE
Found the following Rd file(s) with Rd \link{} targets missing package
anchors:
as.lp.mip.Rd: make.lp
editrules.plotting.Rd: as.igraph
editrules_package.Rd: as.igraph
Please provide package anchors for all Rd \link{} targets not in the
package itself and the base packages.
Flavors: r-devel-linux-x86_64-debian-clang, r-devel-linux-x86_64-debian-gcc, r-devel-windows-x86_64