CRAN Package Check Results for Package elsa

Last updated on 2024-12-19 23:50:32 CET.

Flavor Version Tinstall Tcheck Ttotal Status Flags
r-devel-linux-x86_64-debian-clang 1.1-28 33.70 252.88 286.58 OK
r-devel-linux-x86_64-debian-gcc 1.1-28 23.47 161.29 184.76 OK
r-devel-linux-x86_64-fedora-clang 1.1-28 460.78 NOTE
r-devel-linux-x86_64-fedora-gcc 1.1-28 448.40 NOTE
r-devel-windows-x86_64 1.1-28 38.00 208.00 246.00 OK
r-patched-linux-x86_64 1.1-28 36.07 235.21 271.28 OK
r-release-linux-x86_64 1.1-28 32.41 237.60 270.01 OK
r-release-macos-arm64 1.1-28 101.00 OK
r-release-macos-x86_64 1.1-28 184.00 OK
r-release-windows-x86_64 1.1-28 36.00 207.00 243.00 OK
r-oldrel-macos-arm64 1.1-28 108.00 OK
r-oldrel-macos-x86_64 1.1-28 201.00 OK
r-oldrel-windows-x86_64 1.1-28 47.00 277.00 324.00 OK

Check Details

Version: 1.1-28
Check: compiled code
Result: NOTE File ‘elsa/libs/elsa.so’: Found no calls to: ‘R_registerRoutines’, ‘R_useDynamicSymbols’ It is good practice to register native routines and to disable symbol search. See ‘Writing portable packages’ in the ‘Writing R Extensions’ manual. Flavors: r-devel-linux-x86_64-fedora-clang, r-devel-linux-x86_64-fedora-gcc