CRAN Package Check Results for Package emIRT

Last updated on 2024-12-19 23:50:32 CET.

Flavor Version Tinstall Tcheck Ttotal Status Flags
r-devel-linux-x86_64-debian-clang 0.0.14 655.25 42.82 698.07 OK
r-devel-linux-x86_64-debian-gcc 0.0.14 403.64 31.71 435.35 OK
r-devel-linux-x86_64-fedora-clang 0.0.14 1557.83 OK
r-devel-linux-x86_64-fedora-gcc 0.0.14 1430.66 OK
r-devel-windows-x86_64 0.0.14 657.00 98.00 755.00 OK
r-patched-linux-x86_64 0.0.14 580.64 41.23 621.87 OK
r-release-linux-x86_64 0.0.14 575.46 42.07 617.53 OK
r-release-macos-arm64 0.0.14 274.00 NOTE
r-release-macos-x86_64 0.0.14 221.00 NOTE
r-release-windows-x86_64 0.0.14 643.00 95.00 738.00 OK
r-oldrel-macos-arm64 0.0.14 274.00 NOTE
r-oldrel-macos-x86_64 0.0.14 205.00 NOTE
r-oldrel-windows-x86_64 0.0.14 790.00 116.00 906.00 OK

Check Details

Version: 0.0.14
Check: installed package size
Result: NOTE installed size is 18.1Mb sub-directories of 1Mb or more: data 2.0Mb libs 15.9Mb Flavors: r-release-macos-arm64, r-release-macos-x86_64, r-oldrel-macos-arm64, r-oldrel-macos-x86_64