Last updated on 2024-12-19 23:50:32 CET.
Flavor | Version | Tinstall | Tcheck | Ttotal | Status | Flags |
---|---|---|---|---|---|---|
r-devel-linux-x86_64-debian-clang | 0.9.7 | 5.65 | 349.10 | 354.75 | NOTE | |
r-devel-linux-x86_64-debian-gcc | 0.9.7 | 5.18 | 191.04 | 196.22 | NOTE | |
r-devel-linux-x86_64-fedora-clang | 0.9.7 | 597.00 | OK | |||
r-devel-linux-x86_64-fedora-gcc | 0.9.7 | 563.30 | OK | |||
r-devel-windows-x86_64 | 0.9.7 | 9.00 | 292.00 | 301.00 | NOTE | |
r-patched-linux-x86_64 | 0.9.7 | 7.59 | 312.23 | 319.82 | OK | |
r-release-linux-x86_64 | 0.9.7 | 5.86 | 316.03 | 321.89 | OK | |
r-release-macos-arm64 | 0.9.7 | 123.00 | OK | |||
r-release-macos-x86_64 | 0.9.7 | 342.00 | OK | |||
r-release-windows-x86_64 | 0.9.7 | 7.00 | 289.00 | 296.00 | OK | |
r-oldrel-macos-arm64 | 0.9.7 | 137.00 | OK | |||
r-oldrel-macos-x86_64 | 0.9.7 | 251.00 | OK | |||
r-oldrel-windows-x86_64 | 0.9.7 | 11.00 | 360.00 | 371.00 | OK |
Version: 0.9.7
Check: Rd cross-references
Result: NOTE
Found the following Rd file(s) with Rd \link{} targets missing package
anchors:
hfit.Rd: maxLik
Please provide package anchors for all Rd \link{} targets not in the
package itself and the base packages.
Flavors: r-devel-linux-x86_64-debian-clang, r-devel-linux-x86_64-debian-gcc, r-devel-windows-x86_64