Last updated on 2024-12-19 23:50:32 CET.
Flavor | Version | Tinstall | Tcheck | Ttotal | Status | Flags |
---|---|---|---|---|---|---|
r-devel-linux-x86_64-debian-clang | 1.1.0 | 13.54 | 88.04 | 101.58 | NOTE | |
r-devel-linux-x86_64-debian-gcc | 1.1.0 | 8.51 | 62.46 | 70.97 | NOTE | |
r-devel-linux-x86_64-fedora-clang | 1.1.0 | 160.14 | NOTE | |||
r-devel-linux-x86_64-fedora-gcc | 1.1.0 | 147.97 | NOTE | |||
r-devel-windows-x86_64 | 1.1.0 | 15.00 | 96.00 | 111.00 | NOTE | |
r-patched-linux-x86_64 | 1.1.0 | 12.40 | 82.19 | 94.59 | NOTE | |
r-release-linux-x86_64 | 1.1.0 | 9.98 | 82.24 | 92.22 | NOTE | |
r-release-macos-arm64 | 1.1.0 | 46.00 | NOTE | |||
r-release-macos-x86_64 | 1.1.0 | 67.00 | NOTE | |||
r-release-windows-x86_64 | 1.1.0 | 15.00 | 92.00 | 107.00 | NOTE | |
r-oldrel-macos-arm64 | 1.1.0 | 51.00 | OK | |||
r-oldrel-macos-x86_64 | 1.1.0 | 76.00 | OK | |||
r-oldrel-windows-x86_64 | 1.1.0 | 16.00 | 117.00 | 133.00 | OK |
Version: 1.1.0
Check: Rd files
Result: NOTE
checkRd: (-1) enetLTS-package.Rd:41: Lost braces; missing escapes or markup?
41 | \code{family="binomial"} should be a factor with two levels which is coded as \code{0} and {1}.
| ^
Flavors: r-devel-linux-x86_64-debian-clang, r-devel-linux-x86_64-debian-gcc, r-devel-linux-x86_64-fedora-clang, r-devel-linux-x86_64-fedora-gcc, r-devel-windows-x86_64, r-patched-linux-x86_64, r-release-linux-x86_64, r-release-macos-arm64, r-release-macos-x86_64, r-release-windows-x86_64