CRAN Package Check Results for Package epigrowthfit

Last updated on 2024-12-19 23:50:32 CET.

Flavor Version Tinstall Tcheck Ttotal Status Flags
r-devel-linux-x86_64-debian-clang 0.15.3 135.11 91.42 226.53 OK --no-tests
r-devel-linux-x86_64-debian-gcc 0.15.3 136.95 68.80 205.75 OK --no-tests
r-devel-linux-x86_64-fedora-clang 0.15.3 804.88 OK
r-devel-linux-x86_64-fedora-gcc 0.15.3 1121.10 OK
r-devel-windows-x86_64 0.15.3 147.00 461.00 608.00 OK
r-patched-linux-x86_64 0.15.3 183.66 94.30 277.96 OK --no-tests
r-release-linux-x86_64 0.15.3 175.99 94.17 270.16 OK --no-tests
r-release-macos-arm64 0.15.3 208.00 NOTE
r-release-macos-x86_64 0.15.3 685.00 NOTE
r-release-windows-x86_64 0.15.3 146.00 484.00 630.00 NOTE
r-oldrel-macos-arm64 0.15.3 253.00 NOTE
r-oldrel-macos-x86_64 0.15.3 533.00 NOTE
r-oldrel-windows-x86_64 0.15.3 187.00 581.00 768.00 NOTE

Check Details

Version: 0.15.3
Check: installed package size
Result: NOTE installed size is 94.3Mb sub-directories of 1Mb or more: libs 93.7Mb Flavors: r-release-macos-arm64, r-release-macos-x86_64, r-release-windows-x86_64, r-oldrel-macos-arm64, r-oldrel-macos-x86_64, r-oldrel-windows-x86_64